 ((-55145)/(-15) + t)/(2/3) composite?
False
Let n be (0 - 7/21)*15*-1. Suppose 2*z - 3243 = 2*y - 10073, -z + 17075 = n*y. Is y prime?
False
Let n(u) = -u**3 + 34*u**2 - 30*u - 22. Is n(31) a prime number?
True
Let d be -5 - -2 - (3 + -6). Suppose -18 = -d*w - 2*w. Suppose -3*l + 131 = -5*b, 0 = 2*b + w - 1. Is l prime?
True
Let h be -6619 - (-6)/((-36)/6). Let n = h + 9883. Is n prime?
False
Let q(t) = 1578*t**2 - 22*t - 23. Is q(-1) a composite number?
True
Let b(u) = u**2 - 4 - 5*u - 15 + 2 + 0*u**2. Is b(-18) a composite number?
False
Suppose -3*q + 6941 = -7*w + 2*w, 12 = -3*w. Is q a prime number?
False
Suppose -5*h + 4 = 9. Let u(n) = -992*n - 1. Is u(h) a prime number?
True
Let l = 9517 + 10626. Is l a composite number?
False
Is (-14)/(-77) - 11101678/(-154) a composite number?
False
Let d(h) = -563*h + 22. Is d(-5) a composite number?
False
Let n(t) = -t**3 + 26*t**2 - 14*t + 26. Is n(15) a composite number?
True
Suppose -36481 + 234274 = 9*o. Is o a prime number?
True
Is (-7)/2*(-43947930)/1365 a composite number?
False
Let x(h) = -3*h - 16 - 56*h**3 - 36*h - 5*h**2 + 55*h**3. Is x(-9) a composite number?
False
Let b = 178800 + -75737. Is b a prime number?
False
Suppose -3*m + 0*m + 9 = 0. Suppose 0 = m*i - 9. Suppose 0*q - 5*g = 5*q - 640, -4*q - i*g = -513. Is q a composite number?
True
Let y(h) = 10*h + 1 + 4 + 2 - 3. Let v be y(1). Let z(o) = -o**3 + 17*o**2 - 7*o - 11. Is z(v) composite?
False
Suppose -p = -6*p - 90. Let w = -14 - p. Is (2/(-6))/(w/(-312)) a composite number?
True
Let b be 3 - (6/(-15) + (-68)/(-20)). Suppose b*j + 1589 = j. Is j prime?
False
Is (1/3)/(647480/129495 + -5) a prime number?
False
Suppose -101 = -3*w - 5*g, 3*w + g = -3*g + 106. Let o be 0 - 1*w - -1. Let j = 50 - o. Is j a prime number?
False
Let t(s) = 81*s**2 + 17*s - 13. Is t(9) a composite number?
False
Let n(u) = -u**2 - u - 1. Let d(o) = 1191*o**2 + 5*o + 5. Let y(m) = d(m) + 4*n(m). Is y(-1) a composite number?
False
Let g(a) = -28*a - 2. Let s be g(1). Let c be (306/15)/((-9)/s). Suppose 2*d + 6 - c = 0. Is d a composite number?
False
Let o be (18 - -1) + 6/(-2). Let i be o/24*(-258)/4. Let z = 180 - i. Is z a composite number?
False
Let n(m) = -3*m**3 - 10*m**2 + 26*m - 34. Is n(-15) composite?
False
Let t(r) be the second derivative of 11*r**6/180 + r**5/24 - r**4/12 + r**3/3 + r. Let k(l) be the second derivative of t(l). Is k(3) prime?
True
Let b(m) = m**3 - 11*m**2 - 24*m - 19. Is b(28) a composite number?
False
Let m(l) = 1422*l + 19. Is m(4) composite?
True
Suppose 5*n - 6 = 3*f, -8 = -3*n + 5*n + 4*f. Suppose y + n = 2. Is y/(-6) + 84/9 prime?
False
Let l be -5*(0 - 1 - 0). Let t(m) be the first derivative of m**4/4 - 2*m**3/3 - 3*m**2/2 - 5*m + 41. Is t(l) prime?
False
Let m be 5*(-3)/(0 - 3). Suppose -4*g - x - 574 = x, g + m*x + 121 = 0. Let b = g + 613. Is b composite?
False
Let j = 41988 + -25045. Is j composite?
False
Let o(u) be the third derivative of -3*u**4/4 - u**3/6 - 2*u**2. Let d be o(-2). Suppose 2*v - 19 = 2*j - 113, j - d = 4*v. Is j a prime number?
False
Suppose 2*s = -4*n + 3610, 5*s + 3*n - 1029 = 8003. Is s a prime number?
False
Suppose 4*n + 16 = 4*f, -4*n + 9 + 3 = 3*f. Let b be 38 - (-1 - n/(-4)). Suppose -4*z + 3*u + 2*u = -48, -5*z = -u - b. Is z prime?
True
Let g = -774 + 1619. Is (g*2)/5 + -1 a prime number?
True
Suppose 3*h - 23564 = -4*d + 8367, 31946 = 4*d - 2*h. Is d a prime number?
False
Suppose 4*b - 5149 + 2009 = 2*u, 3*u = 4*b - 3140. Is b a prime number?
False
Let a = -5433 - -7886. Is a prime?
False
Suppose -3*u + 5*z = -12, 3*z - 2*z = -3*u - 6. Let s be u/((-1)/(-9)*3). Is 415/((-3)/9*s) prime?
False
Suppose -4*l = -2*h - 12, h + 4 = -0*l + l. Let j be (-280)/21*3/l. Let c = -6 - j. Is c a composite number?
True
Suppose -9*l + 13*l = 21404. Is l a prime number?
True
Let z = 2328 + 3677. Is z prime?
False
Let o = 33 + -33. Let q(i) = 37*i - 6. Let z be q(7). Suppose -261 = x - 2*x - n, -x + 3*n + z = o. Is x a prime number?
False
Let a = -83 - -85. Is (-10 - -12)/(a/1069) composite?
False
Let j(o) = -o**3 + 41*o**2 + 53*o + 97. Is j(-30) a prime number?
False
Let g(f) = 107*f - 638. Is g(35) prime?
False
Suppose -i - 6571 = -6*i - 3*v, 4*v - 2620 = -2*i. Suppose -7*x + i = 63. Is x a prime number?
True
Let v(k) = 482*k - 12. Let d be v(-5). Let m = -1429 - d. Is m composite?
True
Let s(r) = r**2 + 11*r + 37. Let h be s(-8). Suppose 0 = 17*t - h*t - 1340. Is t composite?
True
Suppose -m - 74872 = -5*j - 26652, m - 28924 = -3*j. Is j prime?
True
Suppose 0 = -5*x - 3*z - 17776, 0 = 2*x - 0*z - 4*z + 7100. Is x/(-10) - (-4)/(-10) composite?
True
Let i = 30 + -28. Suppose 413 = b + x, 4*b - 2065 = -b + i*x. Is b a prime number?
False
Let a(p) = 4*p**3 - p**2 - 2*p + 2. Let t be a(1). Let v be 3 - 2*t/6. Suppose v*s - 99 = 7. Is s composite?
False
Suppose -6*y + 5*y + 5624 = 0. Suppose 3*s = 0, -s = 4*l - 284 - y. Is l prime?
False
Let r = -144 - -272. Let k = r - -83. Is k prime?
True
Let x = -32 - 243. Suppose 0 = -j + 5*j + 5*g - 1844, j - 450 = -4*g. Let l = x + j. Is l a composite number?
False
Let j(x) = -584*x - 45. Is j(-4) composite?
True
Let n = -11583 + 18530. Is n a composite number?
False
Let q = 142 + -203. Let d = q - -75. Is d a prime number?
False
Let m(x) = 2*x**2 + 2*x - 2. Let v be m(-2). Suppose -3*i + 298 = -5*d, v*i + 2*d - 190 = d. Suppose -i - 17 = -l. Is l a composite number?
False
Let k(q) = -286*q**3 - 2*q**2 - q - 1. Is k(-2) a prime number?
True
Let j = 53 - 47. Suppose -844 - 4010 = -j*z. Is z prime?
True
Let s be 22/6 - (-1)/3. Let x be -1*(-2 + s)*-1. Suppose 5*j = 4*d - 0*d + 255, -j - x*d = -65. Is j composite?
True
Suppose 0 = 4*o - 2*i - 700844, 2*o - 700816 = -2*o - 5*i. Is o prime?
False
Let q(w) = -w + 1. Let s(d) = d**2 - 4*d + 8. Let k(y) = q(y) + s(y). Let c be k(2). Let t(j) = 22*j**2 + 4*j + 1. Is t(c) composite?
False
Let x(q) = q - 14. Let v be x(7). Let l = 11 + v. Suppose -l*u - u + 35 = 0. Is u a prime number?
True
Is 9386/16 - 6/(-192)*12 composite?
False
Let u(o) = -o**2. Let t(f) = 9*f**2 + 4*f + 8. Let k(a) = t(a) - 4*u(a). Is k(9) a composite number?
False
Let w(x) = 56*x**3 + 3*x**2 - 5*x - 1. Let d(a) = 3*a**2 + 5*a + 1. Let c be d(-2). Is w(c) composite?
False
Suppose 4*b + 369425 = 29*b. Is b a prime number?
False
Let c be 0 - -1 - (7 + -2). Is 20104/24 - c/3 prime?
True
Is 5/(-2) + 1560660/152 prime?
False
Let d = -186 + 492. Let r be (-3)/(3/(-581)) + 0. Suppose -d - r = -c. Is c a prime number?
True
Suppose 26*s - 6083 = 19*s. Is s composite?
True
Let l = 84 - 42. Is (20/(-6))/(-2 - (-80)/l) prime?
False
Let t be ((-3)/(-2))/(3/1704). Suppose u = q + t, -2*u + 946 = 3*q - 783. Suppose 2*a + 0*y - 323 = -5*y, 5*a - 4*y = u. Is a prime?
False
Let i be 9/((-18)/(-4)) - -4. Suppose 0 = 5*t - 3*x - 961, -3*x - i = -0*x. Is t composite?
False
Let l(h) = -92*h**3 + 1. Let d = 4 - 2. Let y be l(d). Let q = y + 1624. Is q composite?
True
Let y(o) = -18*o + 5. Suppose -4*z = 4*p + 12, -4*z - 16 = 5*p + 1. Let b = -2 - z. Is y(b) composite?
True
Let s be (-8)/3 + (-4)/12. Let c(a) = -25*a - 4. Let h be c(s). Let m = 168 - h. Is m prime?
True
Let d(u) = u**3 - 14*u**2 + 20*u - 9. Let c be d(15). Suppose 5*w - c = w. Is w a composite number?
True
Let l be 372*1/(-3)*3. Let a be ((-36)/8)/(2/l). Let x = a - 428. Is x composite?
False
Let m(p) = -14766*p**3 - 2*p + 1. Let n be m(1). Let r = -8628 - n. Is r a composite number?
True
Let k be (18/4)/((-3)/6). Is -51*(492/k)/4 a composite number?
True
Let p = 227615 - 151794. Is p prime?
True
Let v(u) = 0*u + 0 - 18*u - 4 - 63*u. Let h be v(8). Let x = -359 - h. Is x a composite number?
False
Suppose -8*b = -80 + 8. Suppose -b*w = -3*w - 354. Is w composite?
False
Let m(z) = -1699*z + 9. Is m(-2) composite?
False
Let n = -13 - -39. Let f be (-4)/n - (-22)/(-26). Is 2 - (-262 - (-1 + f)) prime?
False
Let d = 5 + 0. Is 82 + 3/((-3)/d) a prime number?
False
Let q(c) = 9592*c**3 - c**2 - 19*c + 37. Is q(2) prime?
False
Suppose 12*l - 9*l = 20949. Is l a prime number?
True
Is (-1725069)/(-48) - 11/(-176) a prime number?
False
Let y = 14 - 17. Let s(o) = 55*o**2 + 7*o - 1. Let f be s(y). Let x = 1150 - f. Is x prime?
True
Let b(d) = 154*d**2 + 6*d - 5. Is b(-7) a prime number?
True
Let n = 62266 + -29807. Is